{"id":3,"date":"2025-05-19T18:49:49","date_gmt":"2025-05-19T18:49:49","guid":{"rendered":"https:\/\/linkcriativo.com\/webdevelop\/3cmn\/?page_id=3"},"modified":"2025-07-28T16:53:41","modified_gmt":"2025-07-28T16:53:41","slug":"politica-privacidade","status":"publish","type":"page","link":"https:\/\/linkcriativo.com\/webdevelop\/3cmn\/politica-privacidade\/","title":{"rendered":"Pol\u00edtica de Privacidade"},"content":{"rendered":"\t\t<div data-elementor-type=\"wp-page\" data-elementor-id=\"3\" class=\"elementor elementor-3\">\n\t\t\t\t<div class=\"elementor-element elementor-element-31a20a27 e-con-full e-flex e-con e-parent\" data-id=\"31a20a27\" data-element_type=\"container\">\n\t\t\t\t<div class=\"elementor-element elementor-element-845dfec elementor-widget elementor-widget-text-editor\" data-id=\"845dfec\" data-element_type=\"widget\" data-settings=\"{&quot;ekit_we_effect_on&quot;:&quot;none&quot;}\" data-widget_type=\"text-editor.default\">\n\t\t\t\t<div class=\"elementor-widget-container\">\n\t\t\t\t\t\t\t\t\t<p>A seguinte Pol\u00edtica de Privacidade e Prote\u00e7\u00e3o de Dados Pessoais, est\u00e1 de acordo com os termos do Regulamento (EU) 2016\/679 do Parlamento Europeu e do Conselho de 27 de Abril de 2016, relativo ao tratamento de dados pessoais e \u00e0 livre circula\u00e7\u00e3o desses dados.<\/p>\n<p>A presente Declara\u00e7\u00e3o de Privacidade e Tratamento de Dados Pessoais ir\u00e1 ajud\u00e1-lo a compreender como recolhemos, utilizamos e protegemos os seus dados pessoais quando visita os nossos espa\u00e7os f\u00edsicos, o website oficial 3CMN (<a href=\"https:\/\/3cmn.pt\/\">www.3cmn.pt<\/a>) e quando, genericamente, utiliza os nossos servi\u00e7os.<\/p>\n<h4 class=\"fusion-responsive-typography-calculated\" data-fontsize=\"21\" data-lineheight=\"31.5px\"><strong>Privacidade e Tratamento de Dados Pessoais<\/strong><\/h4>\n<p>A 3CMN, no \u00e2mbito da presta\u00e7\u00e3o dos seus servi\u00e7os, necessita de recolher frequentemente alguns dados pessoais dos seus clientes e utilizadores.<\/p>\n<p>A intera\u00e7\u00e3o com os utilizadores \u00e9 cada vez mais recorrente, devido \u00e0s a\u00e7\u00f5es de marketing desenvolvidas que requerem um levantamento de informa\u00e7\u00f5es pessoais dos utilizadores, para melhorar a performance das aplica\u00e7\u00f5es atrav\u00e9s da recolha de dados por interm\u00e9dio de pequenos ficheiros conhecidos como&nbsp;<em>cookies<\/em>.<\/p>\n<p>Para obter informa\u00e7\u00f5es adicionais ou esclarecer qualquer d\u00favida sobre esta Declara\u00e7\u00e3o de Privacidade e Tratamento de Dados Pessoais, deve remeter as suas quest\u00f5es para o seguinte endere\u00e7o de correio eletr\u00f3nico:&nbsp;<a href=\"mailto:geral@3cmn.pt\">store.gaia@3cmn.pt<\/a><\/p>\n<h4 class=\"fusion-responsive-typography-calculated\" data-fontsize=\"21\" data-lineheight=\"31.5px\"><strong>Declara\u00e7\u00e3o de Privacidade e Tratamento de Dados Pessoais<\/strong><\/h4>\n<p>Estamos dedicados na prote\u00e7\u00e3o e tratamento da privacidade dos nossos utilizadores, tanto na utiliza\u00e7\u00e3o dos produtos\/servi\u00e7os, como na utiliza\u00e7\u00e3o dos espa\u00e7os f\u00edsicos e como no website oficial (<a href=\"https:\/\/3cmn.pt\/\">www.3cmn.pt<\/a>)&nbsp;que oferece as melhores e mais seguras experi\u00eancias online.<\/p>\n<p>Aos utilizadores \u00e9 fornecida a possibilidade de \u201cnavegar\u201d pelo website oficial da 3CMN (<a href=\"https:\/\/3cmn.pt\/\">www.3cmn.pt<\/a>) sem que seja necess\u00e1rio fornecer dados pessoais, no entanto, por vezes s\u00e3o necess\u00e1rias informa\u00e7\u00f5es pessoais para o fornecimento de servi\u00e7os solicitados pelos utilizadores.<\/p>\n<p>Ao facultar os dados pessoais \u00e0 3CMN, o utilizador consente que os mesmos sejam processados de acordo com a presente Declara\u00e7\u00e3o de Privacidade e Tratamento de Dados Pessoais e com as regras e princ\u00edpios dos respetivos termos e condi\u00e7\u00f5es.<\/p>\n<p>Neste seguimento, e no que concerne ao processamento dos dados pessoais o utilizador deve ter em considera\u00e7\u00e3o a presente declara\u00e7\u00e3o de privacidade. Caso seja necess\u00e1rio efetuar alguma altera\u00e7\u00e3o nesta Declara\u00e7\u00e3o de Privacidade e Tratamento de Dados Pessoais, colocaremos as referidas altera\u00e7\u00f5es nesta p\u00e1gina para que possa consultar o tipo de informa\u00e7\u00e3o que recolhemos e da forma que a utilizamos.<\/p>\n<h4 class=\"fusion-responsive-typography-calculated\" data-fontsize=\"21\" data-lineheight=\"31.5px\"><strong>Defini\u00e7\u00f5es<\/strong><\/h4>\n<h5 class=\"fusion-responsive-typography-calculated\" data-fontsize=\"12\" data-lineheight=\"18px\"><strong>O que s\u00e3o dados pessoais?<\/strong><\/h5>\n<p>Entende-se por dados pessoais todas as informa\u00e7\u00f5es de qualquer natureza, independentemente do respetivo suporte (incluindo som e imagem), relativa a uma pessoa singular identificada ou identific\u00e1vel (titular de dados). \u00c9 considerada uma pessoa identific\u00e1vel todos os indiv\u00edduos que possam ser identificados de forma direta ou indireta, designadamente por refer\u00eancia a um n\u00famero de identifica\u00e7\u00e3o ou mais elementos espec\u00edficos da sua identidade f\u00edsica, psicol\u00f3gica, ps\u00edquica, econ\u00f3mica, cultural ou social.<\/p>\n<h4 class=\"fusion-responsive-typography-calculated\" data-fontsize=\"21\" data-lineheight=\"31.5px\"><strong>Recolha de Dados<\/strong><\/h4>\n<h6 class=\"fusion-responsive-typography-calculated\" data-fontsize=\"11\" data-lineheight=\"16.5px\"><strong>Que dados s\u00e3o recolhidos pela rede ou sistemas da 3CMN?<\/strong><\/h6>\n<p>De forma geral, os dados pessoais recolhidos pela 3CMN limitam-se ao nome, endere\u00e7o, contacto telef\u00f3nico, correio eletr\u00f3nico e g\u00e9nero, sendo que excecionalmente poder\u00e3o ainda ser recolhidos outros dados necess\u00e1rios para o fornecimento de servi\u00e7o\/produto.<\/p>\n<p>Estes dados s\u00e3o processados automaticamente, em cumprimento da legisla\u00e7\u00e3o aplic\u00e1vel e das condi\u00e7\u00f5es definidas pela Comiss\u00e3o Nacional de Prote\u00e7\u00e3o de Dados (\u201cCNPD\u201d).<\/p>\n<h6 class=\"fusion-responsive-typography-calculated\" data-fontsize=\"11\" data-lineheight=\"16.5px\"><strong>Quando s\u00e3o recolhidos e gerados os dados pessoais?<\/strong><\/h6>\n<p>De uma forma geral, os dados pessoais s\u00e3o solicitados ao utilizador quando este subscreve um dos nossos produtos e\/ou servi\u00e7os.<\/p>\n<p>Respeitamos o direito \u00e0 privacidade e como tal, n\u00e3o recolhemos qualquer informa\u00e7\u00e3o pessoal sem o pr\u00e9vio consentimento dos utilizadores.<\/p>\n<p>Os dados solicitados s\u00e3o de fornecimento obrigat\u00f3rio para a presta\u00e7\u00e3o do servi\u00e7o. A 3CMN, informar\u00e1 esta obrigatoriedade aos utilizadores, sendo que na eventualidade da falta de fornecimento dos dados ou o fornecimento incorreto, a 3CMN n\u00e3o poder\u00e1 prestar o servi\u00e7o solicitado. O fornecimento de dados incorretos ou inexatos \u00e9 da exclusiva responsabilidade do utilizador.<\/p>\n<h6 class=\"fusion-responsive-typography-calculated\" data-fontsize=\"11\" data-lineheight=\"16.5px\"><strong>Qual \u00e9 a finalidade da recolha dos dados pessoais?<\/strong><\/h6>\n<p>De uma forma geral, a recolha dos dados pessoais dos utilizadores destinam-se para: a presta\u00e7\u00e3o dos servi\u00e7os, para a gest\u00e3o e avalia\u00e7\u00e3o da rela\u00e7\u00e3o com o utilizador, para a adapta\u00e7\u00e3o dos servi\u00e7os tendo em considera\u00e7\u00e3o as necessidades e interesses do utilizador e para as a\u00e7\u00f5es de informa\u00e7\u00e3o, marketing ou telemarketing. Os dados facultados pelos utilizadores podem ser tratados para responder a quest\u00f5es, sugest\u00f5es ou reclama\u00e7\u00f5es.<\/p>\n<h6 class=\"fusion-responsive-typography-calculated\" data-fontsize=\"11\" data-lineheight=\"16.5px\"><strong>Quem \u00e9 respons\u00e1vel pelo tratamento dos dados pessoais?<\/strong><\/h6>\n<p>O respons\u00e1vel pela privacidade e tratamento dos dados pessoais \u00e9 a 3CMN.<\/p>\n<p>Os dados pessoais, as bases de dados, as plataformas de servi\u00e7os e outras opera\u00e7\u00f5es, poder\u00e3o, de acordo com os termos e condi\u00e7\u00f5es legalmente definidos, ser alojados, partilhados e comunicados internamente na 3CMN.<\/p>\n<p>Os dados pessoais poder\u00e3o, ainda, ser disponibilizados aos tribunais e \u00e0s demais autoridades competentes, designadamente quando se revele necess\u00e1rio para a resolu\u00e7\u00e3o de lit\u00edgios e para as atividades relativas \u00e0 prote\u00e7\u00e3o da seguran\u00e7a p\u00fablica, da defesa e seguran\u00e7a do Estado e \u00e0 preven\u00e7\u00e3o, investiga\u00e7\u00e3o ou dete\u00e7\u00e3o de il\u00edcitos criminais.<\/p>\n<p>A 3CMN pode recorrer a subcontratantes para a totalidade ou parte das finalidades acima identificadas, bem como para a manuten\u00e7\u00e3o, alojamento e gest\u00e3o dos seus sistemas e equipamentos inform\u00e1ticos, nos termos permitidos pela legisla\u00e7\u00e3o que regula o tratamento de dados pessoais, ficando estas entidades obrigadas a guardar sigilo e a garantir a seguran\u00e7a relativamente aos dados dos utilizadores da 3CMN a que, para o efeito, tenham acesso, n\u00e3o devendo utilizar esses dados para quaisquer outros fins , ou em beneficio pr\u00f3prio, nem relaciona-los com outros dados que possuam.<\/p>\n<h6 class=\"fusion-responsive-typography-calculated\" data-fontsize=\"11\" data-lineheight=\"16.5px\"><strong>Qual o per\u00edodo de conserva\u00e7\u00e3o dos dados pessoais?<\/strong><\/h6>\n<p>Os dados pessoais dos utilizadores ser\u00e3o conservados apenas durante o per\u00edodo necess\u00e1rio para a presta\u00e7\u00e3o do servi\u00e7o\/produto, ou para o cumprimento de obriga\u00e7\u00f5es legais da 3CMN.<\/p>\n<h4 class=\"fusion-responsive-typography-calculated\" data-fontsize=\"21\" data-lineheight=\"31.5px\"><strong>Cookies<\/strong><\/h4>\n<h5 class=\"fusion-responsive-typography-calculated\" data-fontsize=\"12\" data-lineheight=\"18px\"><strong>O que s\u00e3o cookies?<\/strong><\/h5>\n<p>Os \u201cCookies\u201d s\u00e3o pequenos ficheiros de texto que s\u00e3o armazenados nos equipamentos (computador, smartphone, tablet) atrav\u00e9s do navegador de Internet (\u201cbrowser\u201d) que s\u00e3o utilizados habitualmente para reter informa\u00e7\u00e3o das visitas ao website entre diversas sess\u00f5es. Os \u201ccookies\u201d s\u00e3o utilizados pela maioria dos websites na internet com o objetivo final de melhorar a experi\u00eancia do utilizador.<\/p>\n<p>Que tipos de Cookies s\u00e3o utilizados nos websites da 3CMN?<\/p>\n<ul>\n<li>Cookies estritamente necess\u00e1rios: que permitem que os utilizadores naveguem no website e utilizem as aplica\u00e7\u00f5es e servi\u00e7os que a 3CMN disponibiliza, como por exemplo aceder a \u00e1reas seguras do website, entre outros. Sem estes cookies os servi\u00e7os n\u00e3o podem ser prestados.<\/li>\n<li>Cookies Anal\u00edticos: permitem obter dados agregados para an\u00e1lise estat\u00edstica e melhoria do website da 3CMN.<\/li>\n<li>Cookies Funcionais: permitem uma navega\u00e7\u00e3o f\u00e1cil e individualizada, pois guardam as prefer\u00eancias do utilizador relativamente \u00e0 utiliza\u00e7\u00e3o do website, para que n\u00e3o seja necess\u00e1rio voltar a configurar em cada visita.<\/li>\n<li>Cookies de Terceiros: em algumas p\u00e1ginas do website da 3CMN existem componentes que s\u00e3o disponibilizados por terceiros que utilizam cookies independentes dos cookies geridos pela 3CMN.<\/li>\n<li>Cookies de Publicidade: Permitem direcionar a publicidade em fun\u00e7\u00e3o dos interesses de cada utilizador, mediante a recolha de h\u00e1bitos de navega\u00e7\u00e3o na internet. Desta forma, a publicidade disponibilizada corresponder\u00e1 \u00e0s suas necessidades.<\/li>\n<\/ul>\n<p>Alguns \u201cCookies\u201d utilizados no website ser\u00e3o eliminados do equipamento automaticamente ao encerrar a sess\u00e3o do navegador (chamados \u201ccookies de sess\u00e3o\u201d). Outros tipos de \u201ccookies\u201d permanecer\u00e3o no computador do utilizador e possibilitam a identifica\u00e7\u00e3o do mesmo na pr\u00f3xima vista ao website (chamados de cookies permanentes).<\/p>\n<h5 class=\"fusion-responsive-typography-calculated\" data-fontsize=\"12\" data-lineheight=\"18px\"><strong>Como se pode bloquear a utiliza\u00e7\u00e3o dos Cookies?<\/strong><\/h5>\n<p>O navegador dos utilizadores permite que estes fa\u00e7am a gest\u00e3o dos cookies nas op\u00e7\u00f5es de configura\u00e7\u00e3o, podendo inclusive bloquear todos os cookies da 3CMN. No entanto, ao bloquear os Cookies, ir\u00e1 afetar a sua experi\u00eancia enquanto utilizador.<\/p>\n<h5 class=\"fusion-responsive-typography-calculated\" data-fontsize=\"12\" data-lineheight=\"18px\"><strong>Quais as entidades que podem ter acesso \u00e0 informa\u00e7\u00e3o recolhida pelos Cookies?<\/strong><\/h5>\n<p>A informa\u00e7\u00e3o recolhida pelos cookies pode ser utilizada pela 3CMN, pelos seus subcontratantes ou parceiros.<\/p>\n<h4 class=\"fusion-responsive-typography-calculated\" data-fontsize=\"21\" data-lineheight=\"31.5px\"><strong>Direitos do Utilizador<\/strong><\/h4>\n<h5 class=\"fusion-responsive-typography-calculated\" data-fontsize=\"12\" data-lineheight=\"18px\"><strong>Direito de acesso, corre\u00e7\u00e3o, oposi\u00e7\u00e3o e elimina\u00e7\u00e3o dos dados pessoais<\/strong><\/h5>\n<p>Nos termos da legisla\u00e7\u00e3o aplic\u00e1vel, \u00e9 garantido ao utilizador o direito de acesso aos dados que lhe diga diretamente respeito, podendo solicitar a sua corre\u00e7\u00e3o ou aditamento, contactando para o efeito.<\/p>\n<p>O utilizador pode, ainda, a qualquer momento, opor-se ao tratamento dos dados, com a exce\u00e7\u00e3o dos dados estritamente necess\u00e1rio para a presta\u00e7\u00e3o do servi\u00e7o e\/ou requerer a elimina\u00e7\u00e3o dos seus dados para fins de marketing ou telemarketing devendo para o efeito contactar a 3CMN por escrito atrav\u00e9s do endere\u00e7o de correio eletr\u00f3nico: store.gaia@3cmn.pt<\/p>\n<h5 class=\"fusion-responsive-typography-calculated\" data-fontsize=\"12\" data-lineheight=\"18px\"><strong>Seguran\u00e7a dos dados pessoais<\/strong><\/h5>\n<p>Garantir a confidencialidade e seguran\u00e7a dos dados dos utilizadores \u00e9 uma permanente preocupa\u00e7\u00e3o da 3CMN, que reconhece a sensibilidade desta informa\u00e7\u00e3o, elaborando e divulgando a todos os seus colaboradores Pol\u00edticas de Privacidade e Seguran\u00e7a dos Dados.<\/p>\n<p>A 3CMN designou tamb\u00e9m um encarregado pelo tratamento de dados, para acompanhar o cumprimento destas pol\u00edticas, sendo que definiu regras claras de contratualiza\u00e7\u00e3o do tratamento de dados pessoais com os subcontratantes.<\/p>\n<p>Os colaboradores da 3CMN bem como aqueles que lhe prestam servi\u00e7os, assumem o compromisso de n\u00e3o revelar a terceiros ou utilizar para fins contr\u00e1rios \u00e0 lei, qualquer informa\u00e7\u00e3o pessoal dos utilizadores da 3CMN cujo conhecimento lhes advenha do exerc\u00edcio das suas fun\u00e7\u00f5es.<\/p>\n<p>A 3CMN compromete-se ainda a respeitar a legisla\u00e7\u00e3o relativa \u00e0 prote\u00e7\u00e3o da privacidade dos dados dos utilizadores e utiliz\u00e1-los apenas para os fins que foram recolhidos, garantindo assim que estes dados sejam tratados com adequados n\u00edveis de seguran\u00e7a e confidencialidade, nos termos da legisla\u00e7\u00e3o aplic\u00e1vel e as condi\u00e7\u00f5es fixadas pela CNPD.<\/p>\n<p>No decorrer da sess\u00e3o de utiliza\u00e7\u00e3o nos nossos websites s\u00e3o utilizados cookies que expiram quando o browser \u00e9 fechado. A utiliza\u00e7\u00e3o de cookies permite facilitar a transmiss\u00e3o de comunica\u00e7\u00e3o e presta\u00e7\u00e3o do servi\u00e7o que nos tenha sido solicitado. A maioria dos browsers permitem que o utilizador escolha aceitar ou n\u00e3o aceitar os cookies, pelo que, caso assim o entenda, poder\u00e1 recusar esses mesmo cookies.<\/p>\n<p>A qualquer momento o utilizador pode solicitar a confidencialidade dos seus dados pessoais e rescindir o consentimento para que estes sejam divulgados nas listas telef\u00f3nicas ou servi\u00e7os informativos da 3CMN ou de terceiros, devendo para o efeito contactar a 3CMN atrav\u00e9s do endere\u00e7o de email store.gaia@3cmn.pt.<\/p>\t\t\t\t\t\t\t\t<\/div>\n\t\t\t\t<\/div>\n\t\t\t\t<\/div>\n\t\t<div class=\"elementor-element elementor-element-40643b4 e-flex e-con-boxed e-con e-parent\" data-id=\"40643b4\" data-element_type=\"container\">\n\t\t\t\t\t<div class=\"e-con-inner\">\n\t\t\t\t<div class=\"elementor-element elementor-element-56cc3c1 elementor-widget elementor-widget-text-editor\" data-id=\"56cc3c1\" data-element_type=\"widget\" data-settings=\"{&quot;ekit_we_effect_on&quot;:&quot;none&quot;}\" data-widget_type=\"text-editor.default\">\n\t\t\t\t<div class=\"elementor-widget-container\">\n\t\t\t\t\t\t\t\t\t<p>Contacts:<br \/>store.endesa@3cmn.pt<\/p><p>Publication date: 09-12-2020<\/p>\t\t\t\t\t\t\t\t<\/div>\n\t\t\t\t<\/div>\n\t\t\t\t\t<\/div>\n\t\t\t\t<\/div>\n\t\t\t\t<\/div>\n\t\t","protected":false},"excerpt":{"rendered":"<p>A seguinte Pol\u00edtica de Privacidade e Prote\u00e7\u00e3o de Dados Pessoais, est\u00e1 de acordo com os termos do Regulamento (EU) 2016\/679 do Parlamento Europeu e do Conselho de 27 de Abril de 2016, relativo ao tratamento de dados pessoais e \u00e0 livre circula\u00e7\u00e3o desses dados. A presente Declara\u00e7\u00e3o de Privacidade e Tratamento de Dados Pessoais ir\u00e1 [&hellip;]<\/p>\n","protected":false},"author":1,"featured_media":0,"parent":0,"menu_order":0,"comment_status":"closed","ping_status":"closed","template":"elementor_theme","meta":{"footnotes":""},"class_list":["post-3","page","type-page","status-publish","hentry"],"_links":{"self":[{"href":"https:\/\/linkcriativo.com\/webdevelop\/3cmn\/wp-json\/wp\/v2\/pages\/3","targetHints":{"allow":["GET"]}}],"collection":[{"href":"https:\/\/linkcriativo.com\/webdevelop\/3cmn\/wp-json\/wp\/v2\/pages"}],"about":[{"href":"https:\/\/linkcriativo.com\/webdevelop\/3cmn\/wp-json\/wp\/v2\/types\/page"}],"author":[{"embeddable":true,"href":"https:\/\/linkcriativo.com\/webdevelop\/3cmn\/wp-json\/wp\/v2\/users\/1"}],"replies":[{"embeddable":true,"href":"https:\/\/linkcriativo.com\/webdevelop\/3cmn\/wp-json\/wp\/v2\/comments?post=3"}],"version-history":[{"count":22,"href":"https:\/\/linkcriativo.com\/webdevelop\/3cmn\/wp-json\/wp\/v2\/pages\/3\/revisions"}],"predecessor-version":[{"id":10481,"href":"https:\/\/linkcriativo.com\/webdevelop\/3cmn\/wp-json\/wp\/v2\/pages\/3\/revisions\/10481"}],"wp:attachment":[{"href":"https:\/\/linkcriativo.com\/webdevelop\/3cmn\/wp-json\/wp\/v2\/media?parent=3"}],"curies":[{"name":"wp","href":"https:\/\/api.w.org\/{rel}","templated":true}]}}